)?
-9
Let n(z) = -z**3 + z**2 + 5*z - 12. Let u(l) = l**3 - l**2 - 6*l + 11. Let a(r) = -5*n(r) - 4*u(r). Suppose 32*o + 36*o = 0. Give a(o).
16
Let m = -9 + 15. Let h be (-9)/2*(-4)/m. Let n(x) = -x + 0 + 6 - h + 4. Determine n(-5).
12
Suppose 13*z - 5*z - 32 = 0. Let g(c) = c**2 - 5*c - 3. Determine g(z).
-7
Let o(s) = s**3 - 3*s**2 + 4*s - 2. Let i(c) = c**3 - 10*c**2 + 28*c - 21. Let h be i(6). Calculate o(h).
10
Suppose 0*c = c + p + 3, -2*p = 10. Suppose 2*y = -3*y - c*l + 35, 3*l = 2*y + 5. Let d(t) = y + 8 - 9 + 2*t. Calculate d(4).
12
Let d be (8/(-12))/((-34)/(-204)). Let s(p) be the first derivative of 1 - 6*p - 3/2*p**2. Give s(d).
6
Let n be 2/(-2 - (-24)/10). Let r(m) be the third derivative of m**5/60 - m**4/4 - m**3/3 + 21*m**2 + 2. Calculate r(n).
-7
Let u(c) = -c**3 + 8*c**2 - 3*c + 8. Let y(f) = -f**2 + f + 1. Let s(a) = -u(a) - y(a). Determine s(7).
5
Let a(x) = -10*x - 17 + 17 + 14 + 7*x**2 + x**3 + x**2 + 2*x. Calculate a(-9).
5
Suppose 5*w = -5*a + 105, 2*w + w - 79 = a. Let k(t) = t**3 - 26*t**2 + 24*t + 30. What is k(w)?
5
Let r(q) = -7*q + 248*q**2 - 123*q**2 - 124*q**2. Calculate r(4).
-12
Let u be 17/((-5 - -3)*(-1)/(-2)). Let l = -16 - u. Let f(t) be the second derivative of t**4/12 + t**3/6 - t**2/2 + t. Give f(l).
1
Suppose 4*f = 13 + 11. Let t(j) = 7*j**2 - 2 - 3 + f + j. Calculate t(-1).
7
Let y(v) = -v - 2. Suppose 2*x + 0*x = -10. Let u = 8 + x. Suppose -u*h - h + 12 = 0. Give y(h).
-5
Let n(k) = 4*k - 1502 + 2*k - k**2 + 1507 - k. Determine n(-2).
-9
Suppose -2*k + 5*s = 6*s + 5, 3*k - s = -10. Let o(m) be the first derivative of 0*m + 3/2*m**2 - 1/4*m**4 - 5 - 2/3*m**3. Calculate o(k).
0
Let l(o) = 2*o + 29. Let q(k) = -5*k - 87. Let f(b) = 8*l(b) + 3*q(b). Give f(0).
-29
Let t(k) = -5*k**2 + 13. Let p(d) be the third derivative of -d**5/60 - d**4/24 + d**3/6 - 9*d**2. Let o(s) = -6*p(s) + t(s). What is o(-5)?
2
Let i(d) = d**2 - 2*d - 3. Let v(r) = -r**3 - 11*r**2 - 11*r - 4. Let t be v(-8). Let w be 3/9*(t/4)/3. What is i(w)?
12
Suppose -2*f - 3*u + 32 = 0, -3*u - 18 = -3*f - 0*u. Let z = -13 + f. Let x(p) be the third derivative of -p**4/12 + p**3/2 - 6*p**2. Determine x(z).
9
Let p = 8 + -2. Suppose 3*t = t - x + p, 3*x = 6. Let n(h) be the second derivative of h**4/12 - h**3/2 + 3*h**2/2 + 16*h. What is n(t)?
1
Suppose o + 0*o = 6. Let w(i) = o - i**2 - 4*i**2 - 4*i + 6*i**2. Suppose 0*m + 2*m + 14 = 2*p, -3*p + 5*m + 27 = 0. Give w(p).
6
Let o(d) = -d**2 + 13*d + 20. Let m be o(-2). Suppose 3*q = -4*w - 36, -8 = -0*q - 2*q. Let b be (m/4)/(6/w). Let g(z) = z**3 - 5*z**2 + 3. What is g(b)?
3
Let h = -6623 - -6620. Let y(p) be the third derivative of -p**6/120 - p**5/60 + 5*p**4/24 + p**3/3 - p**2. Calculate y(h).
5
Let k be 8/(-6)*6/4. Let v be (-165)/(-45) - k/(-3). Suppose -v = -4*h + 1. Let y(a) = 11*a**3 + a**2 + a - 1. Give y(h).
12
Let h(s) = s**2 - 6*s + 4. Let w = 9 + -5. Suppose -w*v - v = 0. Suppose -2*l - 3*f = -0 + 2, v = -l + 2*f + 13. Determine h(l).
-1
Let k(w) = -4*w**3 + 7*w**2 - 7*w - 7. Let b(u) = -3*u**3 + 7*u**2 - 4*u - 4. Let c(x) = 5*b(x) - 4*k(x). Give c(-6).
-4
Let l(a) = a - 1. Let i(j) = 6*j - 9. Let v(d) = -i(d) + 2*l(d). Let u(m) = -3*m + 7. Let k(z) = -6*u(z) + 5*v(z). What is k(5)?
-17
Let v = 68 - 66. Suppose -v*g - 11*g = 26. Let h(p) = 3*p - 1. What is h(g)?
-7
Let g be 24/(-192) - (-254)/(-16). Let u(d) = -d**3 - 16*d**2 + 2*d + 34. Determine u(g).
2
Suppose 5*c + 40 = -0*c. Let z be 4/c + (3 - 3/(-2)). Let f(a) = -2*a + 2. What is f(z)?
-6
Let u(h) = -35*h + 108*h - 35*h - 30*h - h**2. Give u(8).
0
Let l = -205 - -236. Let x(h) = h**2 - 30*h - 25. Let v be x(l). Let t(c) = c - 11. Let p(g) = -1. Let f(r) = 3*p(r) - t(r). Give f(v).
2
Let h(y) = -32*y**2 - 5*y - 24. Let s(l) = 7*l**2 + l + 6. Let i(v) = -2*h(v) - 9*s(v). Calculate i(0).
-6
Let d be 0 + (5 - (-1 - -3)). Let g(j) be the second derivative of d + 2*j**3 - 4*j - 3 - j. What is g(-1)?
-12
Let l(b) = b - 2. Let q be l(6). Suppose -2*m - q = -m. Let x be 3/(10/m - -2). Let c(u) = u**3 + 5*u**2 - 8*u - 6. Determine c(x).
6
Let s(i) = -i**2 + 5*i + 2. Suppose -2*k = 4*t + 24, -t - 15 = -7*k + 3*k. Let l be (t/(14/(-6)))/3. Suppose 5*b + 25 = 4*f - 0*b, -b = l. Determine s(f).
2
Let b(g) be the first derivative of -9*g**4/2 - g**2/2 - 116. Calculate b(1).
-19
Let q(i) = -i**3 - 4*i**2 + 2*i - 7. Suppose -125 = -4*z + 35. Suppose 8*t = -0*t - z. Determine q(t).
8
Let o(w) = 3*w - 7. Let f be o(4). Let c be (8 - f) + (-4 - 0). Let j(l) = -5*l**3 + 2*l + 1. Determine j(c).
4
Let t(z) = z**3 - 5*z**2 + 3*z + 3. Let q(u) = -2*u**3 + 12*u**2 - 7*u - 8. Let j(r) = -3*q(r) - 7*t(r). Determine j(0).
3
Let s(b) = -b**2 - 66*b - 646. Let k be s(-12). Let w(q) = 2*q**2 + 2*q - 5 + 0*q**2 - 2*q**3 + 2. Calculate w(k).
-7
Let k be ((-9)/(-18)*-1)/(4/16). Let j(u) = -2*u - 3*u**3 + 3*u + 4*u**3 + u**2. Calculate j(k).
-6
Let k(f) = -6*f + 3. Let n(i) = i**3 + 13*i**2 - 30*i + 3. Suppose 83 = -4*v + 23. Let y be n(v). Give k(y).
-15
Let g be 72/(-14) + 5/35. Let z(c) be the third derivative of c**6/180 + 7*c**5/120 - c**4/24 + 2*c**2. Let i(r) be the second derivative of z(r). Give i(g).
-13
Suppose 3*a + u = -2*a + 11, 0 = 3*a - u - 5. Let c(w) = -5*w + 2 - 1 + a - w**2. What is c(-5)?
3
Let f(t) = 10*t**2 + 2*t - 4*t**2 - 22 + t**3 - 7*t**2 - 15*t**2 - 1. What is f(16)?
9
Suppose 6*m - 2*m - 5*o = 4, -32 = -2*m - 5*o. Let i(a) = -410*a + 824*a - 407*a - 6 - a**2. Give i(m).
0
Let s = 7 - 5. Let z(m) = -7*m**s + 9*m - 3*m + 6*m**2 + 3. Determine z(6).
3
Let v(p) = -p**3 - 3*p**2 + 3*p. Let r be v(-3). Let t = 3 + r. Let k(x) be the first derivative of x**2/2 + 134. Give k(t).
-6
Let l(p) = 4*p**2 + 2*p + 1. Let n be l(-1). Suppose 2*t - q + 7 = 0, 8 = -4*t - n*q - 1. Let o(a) = -a**3 - 3*a**2 - 2. Calculate o(t).
-2
Suppose -2 = 2*n + 2*d, 0 = -0*n + 3*n + d - 1. Let q = 4 - n. Let v(u) be the third derivative of 5*u**4/24 - u**3/3 + 172*u**2. Give v(q).
13
Let n(l) = l**3 + 2*l**2 - l + 1. Let w(a) = 5*a**3 + 10*a**2 - a + 6. Let o(m) = -4*n(m) + w(m). Determine o(-2).
-4
Let q(n) be the third derivative of -7*n**4/24 + n**3/2 + 22*n**2. Calculate q(-3).
24
Let r(u) = -595*u + 15 - 3 + 590*u. Calculate r(5).
-13
Let i(a) = -a**2 + 37*a - 328. Let y be i(22). Let m(g) = g**3 - 2*g**2 - 6*g + 3. What is m(y)?
-9
Suppose -21*n = -55*n - 170. Let r(c) = 5*c + 14. Give r(n).
-11
Let v(q) = 2*q**2 + 13*q - 61 + 30 + 31. Let r(z) = z**2 + 7*z. Let n be 2/(4/(-3))*-2. Let f(s) = n*v(s) - 5*r(s). Calculate f(-2).
-4
Let l(a) = -a**3 + a - 1. Suppose -7*d = -100 - 40. Let v = 19 - d. Let y(w) = -w**3 - 5*w**2 + 6*w + 1. Let b(g) = v*y(g) + 2*l(g). Give b(4).
-3
Let i(o) = 2*o - 10. Let v be i(9). Suppose -3*x + 2 = 2*u + v, 4*u + 12 = x. Suppose -2 + x = r. Let d(w) = -5*w - 2. Calculate d(r).
8
Let z be ((-2)/6)/((-1)/(-3)). Let t(u) be the first derivative of -2*u**3/3 + u**2/2 - 6. What is t(z)?
-3
Let r(b) be the first derivative of b**2/2 + 4*b + 216. Determine r(-7).
-3
Let c(u) = -7*u - 3. Let a(t) = -7*t - 3. Let g(x) = -4*a(x) + 5*c(x). Determine g(-3).
18
Let w(g) be the second derivative of -g**4/12 - 5*g**3/3 + 5*g**2/2 - 33*g. Calculate w(-8).
21
Let q(x) be the second derivative of x**4/12 + x**3 - 9*x**2/2 - 2*x + 12. Calculate q(-7).
-2
Suppose 138*k = 182*k + 88. Let g(d) be the third derivative of -d**6/120 - d**5/60 - d**4/24 + d**3/3 - d**2. Determine g(k).
8
Let n(q) be the first derivative of -q**4/4 + 2*q**3 + 3*q**2 + 16*q - 220. Calculate n(7).
9
Let r(q) = q**2 + 7*q + 9. Let o = 7 + -3. Let k(n) = -1 + o*n**2 - 2*n**2 - 7*n**2. Let t be k(1). Determine r(t).
3
Let n = 516 - 522. Let z(a) = a**2 + 8*a + 8. Determine z(n).
-4
Let r(v) = v**2 - 8*v - 4. Let f(t) = -2*t**2 + 10*t + 9. Let y be f(5). What is r(y)?
5
Let h(y) = 25 + y + 15 - 33. Suppose 24 = -0*j - 4*j. Give h(j).
1
Let l = -1932 + 1926. Let k(h) = h**2 + 3*h + 8. What is k(l)?
26
Let w = 0 + 1. Let b(l) = -l**2 + l - 1. Let h(s) = -s**2 + 9*s + 13. Let n be h(10). Let a(d) = -d**2 + d - 2. Let i(k) = n*b(k) - 2*a(k). Calculate i(w).
1
Suppose 5 = 3*r - 4*z + 2, 5*r + 2*z - 5 = 0. Let w(k) = 4*k - 2. Give w(r).
2
Let u(m) = -5*m**3 - m - 1. Let v(t) = t**3 - 11*t**2 + 9*t + 1. Let l be v(10). Let j = -6 - l. Suppose 2*i + i + j = 0. Give u(i).